is -102331011 + 10?
-102331001
In base 4, what is 11 - 12231330?
-12231313
In base 10, what is 51 - 40181?
-40130
In base 5, what is -4 + 1033143?
1033134
In base 3, what is 2012121010 + 212?
2012121222
In base 15, what is 49a + -38d?
10c
In base 7, what is -21026 + -633?
-21662
In base 3, what is 2 - 201002102?
-201002100
In base 6, what is 42 - -13422?
13504
In base 15, what is -b7c3 - -8?
-b7ba
In base 14, what is -336 - 4c8?
-820
In base 7, what is 301343 - -2?
301345
In base 15, what is -420 + -7e2?
-c12
In base 3, what is 10011200020 - -12?
10011200102
In base 16, what is 2cf1d - 2?
2cf1b
In base 4, what is -2331113 - -130?
-2330323
In base 13, what is 30 - 345c?
-342c
In base 10, what is -612 + 274?
-338
In base 12, what is -992 - -855?
-139
In base 4, what is 11 + -131322012?
-131322001
In base 4, what is 33 - -120122123?
120122222
In base 6, what is 13524314 + -2?
13524312
In base 10, what is -1 - 601924?
-601925
In base 9, what is 4346 + 37?
4384
In base 6, what is -5 - -4522104?
4522055
In base 10, what is 17270 - 6?
17264
In base 16, what is 11b2f + -2?
11b2d
In base 4, what is 3 + -10021211?
-10021202
In base 14, what is -26c3b - 3?
-26c40
In base 11, what is 225 - 163?
72
In base 4, what is -20302332 + 1012?
-20301320
In base 16, what is 130 + -9a?
96
In base 6, what is 35 + 2151?
2230
In base 11, what is -1001818 + 2?
-1001816
In base 8, what is 60531 - -5?
60536
In base 3, what is -121012222220 + -12?
-121020000002
In base 7, what is 351 - 2601?
-2220
In base 8, what is 3 + -200436?
-200433
In base 7, what is 1164 - -5052?
6246
In base 2, what is 10010 - 101000?
-10110
In base 10, what is 6848 - -40?
6888
In base 16, what is -138f - -ff?
-1290
In base 6, what is -23324 - -35?
-23245
In base 9, what is -8710 - 30?
-8740
In base 8, what is 74 + 5235?
5331
In base 13, what is -79 + -69?
-115
In base 14, what is -aa5 - -37?
-a6c
In base 3, what is 12 + -2102102?
-2102020
In base 9, what is 1320 - -164?
1484
In base 7, what is 66 + -263?
-164
In base 15, what is -79 + 27?
-52
In base 15, what is -9751 - 0?
-9751
In base 13, what is 228ac + -4?
228a8
In base 8, what is -17666 + -77?
-17765
In base 15, what is -5 + 13522?
1351c
In base 6, what is 5 + 30021533?
30021542
In base 4, what is -2 + -2103230011?
-2103230013
In base 11, what is 35013a - 5?
350135
In base 5, what is 10334443 + 10?
10340003
In base 15, what is -1 + -4939b?
-4939c
In base 12, what is -119a - -44?
-1156
In base 4, what is -210 + -21022201?
-21023011
In base 13, what is 14 + 625?
639
In base 14, what is -11 - -2011?
2000
In base 6, what is -2522 - -44?
-2434
In base 2, what is 110110101 + 110?
110111011
In base 13, what is 2c816 - 2?
2c814
In base 13, what is -5a5a - 2?
-5a5c
In base 4, what is -30231103 + 11?
-30231032
In base 6, what is 1001140 - -4?
1001144
In base 10, what is -22 + 7407?
7385
In base 3, what is -120 + -1221120022?
-1221120212
In base 13, what is 1 + -144c8a?
-144c89
In base 12, what is -29 + -38229?
-38256
In base 10, what is -10442 + -3?
-10445
In base 13, what is -12a00 + -6?
-12a06
In base 14, what is 348 - 29?
31d
In base 14, what is 16622 - -3?
16625
In base 7, what is 2666 - -3?
3002
In base 5, what is 1014230 - 1?
1014224
In base 16, what is -2 - 5a70?
-5a72
In base 11, what is 30 + 193?
213
In base 10, what is -8 + -2915?
-2923
In base 13, what is 9a1c39 + 0?
9a1c39
In base 7, what is -3 + -31140?
-31143
In base 5, what is -141 + -30424?
-31120
In base 10, what is 906 + -7?
899
In base 12, what is -49060 + 8?
-49054
In base 9, what is -212 - -325?
113
In base 16, what is -65cc - 1?
-65cd
In base 14, what is -3 - 68aa?
-68ad
In base 11, what is -209 - a567?
-a775
In base 11, what is -42a + a85?
656
In base 8, what is 460 + 17751?
20431
In base 6, what is 33425505 + -3?
33425502
In base 3, what is 10112 - -21110222?
21121111
In base 10, what is -14709 - 3?
-14712
In base 8, what is 3727 - 553?
3154
In base 9, what is 20520 - -163?
20683
In base 13, what is -60 - -2005?
1c75
In base 2, what is -110001110000 - 111111?
-110010101111
In base 15, what is -1 + 3393?
3392
In base 5, what is -1131 + 1214341?
1213210
In base 12, what is 10944 + -4?
10940
In base 11, what is 2 - -8494?
8496
In base 5, what is 22123 - 11143?
10430
In base 13, what is a + 15272?
1527c
In base 7, what is 6334 - 10?
6324
In base 2, what is -100011101001100 + 10?
-100011101001010
In base 14, what is -15641 + 3a?
-15605
In base 6, what is 413 - -2205?
3022
In base 15, what is eb66 - -1?
eb67
In base 3, what is 22011022000 - 110?
22011021120
In base 4, what is -11012200 + 3?
-11012131
In base 2, what is -10000110 + -1000110011?
-1010111001
In base 8, what is 13356 + -141?
13215
In base 8, what is -7 + -4743?
-4752
In base 2, what is -110101111110100111 - -1?
-110101111110100110
In base 4, what is -11 - 3212320?
-3212331
In base 5, what is 32401 - -1010?
33411
In base 11, what is -12102 - -6?
-120a7
In base 6, what is 315 + 4151?
4510
In base 3, what is -101221121011 + -11?
-101221121022
In base 13, what is -2b1 - -2b?
-283
In base 2, what is 1 - -101001011101101001000?
101001011101101001001
In base 10, what is 22882 - -3?
22885
In base 7, what is 2 + -51453?
-51451
In base 4, what is -2312011101 + -20?
-2312011121
In base 7, what is 3 - 45236?
-45233
In base 11, what is 2 - a203?
-a201
In base 3, what is 11 - -11120200?
11120211
In base 6, what is -3555 + 104?
-3451
In base 15, what is 46c36 + 2?
46c38
In base 15, what is -10c - 736?
-843
In base 2, what is -100110110 + 100100?
-100010010
In base 8, what is 5 - -4570510?
4570515
In base 3, what is 2 + 12020211?
12020220
In base 15, what is -a23b1 + -5?
-a23b6
In base 14, what is 6ca - -15d?
849
In base 12, what is 1345 - -28?
1371
In base 11, what is a + -207624?
-207615
In base 4, what is 201313 + 232?
202211
In base 16, what is 6 - b7d8?
-b7d2
In base 5, what is 42221 - -11?
42232
In base 4, what is 10111130 + -32?
10111032
In base 8, what is -62630 + 5?
-62623
In base 7, what is 26226 - -1?
26230
In base 9, what is 843 + -464?
368
In base 11, what is 38 + 4535a?
45397
In base 7, what is -12 - -2236026?
2236014
In base 2, what is -11000 + -10010011100?
-10010110100
In base 13, what is -5a + -1a77?
-1b04
In base 10, what is 13 - 5416?
-5403
In base 14, what is -2c + 684?
656
In base 9, what is 8526 + -8?
8517
In base 15, what is 78ba + -7?
78b3
In base 10, what is 5 + -78364?
-78359
In base 6, what is 2 - -122504?
122510
In base 9, what is -7 - -72378?
72371
In base 3, what is -11222 - 2202110?
-2221102
In base 13, what is -8 - -9566?
955b
In base 13, what is -aa467 - 4?
-aa46b
In base 5, what is 104323 + -112?
104211
In base 10, what is 1500 + -22?
1478
In base 11, what is 13820 - 78?
13753
In base 16, what is 766 + 1f?
785
In base 9, what is -420 + -4367?
-4787
In base 9, what is -140 + 20?
-120
In base 2, what is 101011100011 - 110?
101011011101
In base 6, what is 205 - 5115?
-4510
In base 11, what is 3 + -11025?
-11022
In base 8, what is 4 + 216743?
216747
In base 13, what is 2b - -2940?
296b
In base 16, what is -4ad + 4?
-4a9
In base 15, what is 10c0 + -4?
10bb
In base 14, what is -1 - -8baa?
8ba9
In base 2, what is 10001011 + 1110000110?
10000010001
In base 4, what is -21300 + 130203?
102303
In base 13, what is -41 - -85a?
819
In base 5, what is -4 - -102442104?
102442100
In base 4, what is 13320 - 22220?
-2300
In base 14, what is -16 + -2a31?
-2a47
In base 9, what is 34322 - 154?
34157
In base 3, what is -1 - 201010120221?
-201010120222
In base 6, what is -1330 - 32?
-1402
In base 4, what is -21 - 102221?
-102302
In base 13, what is -6b + 1693?
1625
In base 16, what is 97c1 + -4?
97bd
In base 3, what is -1022101 + -1121101?
-2220202
In base 2, what is 10100100101110 + -1010010?
10100011011100
In base 15, what is 263cd - -12?
263e0
In base 12, what is -20b3 - 8?
-20bb
In base 9, what is -38 + -280?
-328
In base 2, what is 1100 + 100110001010?
100110010110
In base 8, what is -207 - -4011?
3602
In base 12, what is -5a8 - -1a46?
145a
In base 4, what is 102 - 10000102?
-10000000
In base 3, what is 0 + 1021122120?
1021122120
In base 8, what is 1 - -1203402?
1203403
In base 3, what is -1 - 1201111202?
-1201111210
In base 4, what is 31122020 + -20?
31122000
In base 8, what is 540 + 10564?
11324
In base 15, what is 5